 is the tens digit of g?
9
Suppose 0*a = -6*a - 36. Suppose 80*f - 85*f + 320 = 0. Let i = f - a. What is the units digit of i?
0
Suppose 0 = -5*u + 3*n + 29704, -u - 2*n = 1382 - 7328. What is the tens digit of u?
4
Let k(z) = z**2 - 6*z - 68. Let q be k(-6). Suppose 0 = -c + q*n + 155, -4*n - 157 = -c + n. What is the units digit of c?
7
Let j = -656 + 298. Let w = -248 - j. What is the tens digit of w?
1
Let o be ((-6)/(-21))/((-3)/(-21)). Suppose 5*v = -2*r + 245, 4*v - o*r = 6*v - 92. Let d = -45 + v. What is the units digit of d?
6
Let z(d) = 194*d**2 + 650*d + 14. What is the tens digit of z(8)?
3
Let w be ((-3)/(-2))/((-111)/(-740)). Let m(l) = 5*l + 6 + 0*l + 12*l - 1. What is the units digit of m(w)?
5
Suppose 3*c - 6*z = -z + 19, 4*c - 4*z = 20. Suppose 2*t - 4*y = -c*y + 76, -100 = -2*t - 5*y. What is the units digit of t?
0
Suppose 0 = 5*r + 466 + 654. Let b be (3 + -5)/(2/r). Suppose 7*j - 336 = b. What is the tens digit of j?
8
What is the hundreds digit of -1*77/44 + (-2749912)/(-32)?
9
Let p(u) = -2*u**2 - 20*u - 26. Let c be p(-8). What is the tens digit of (318/8)/(8/192*c)?
5
Suppose -88270 = 33*d + 18*d - 231631. What is the units digit of d?
1
Suppose -3*p + 10731 = r, 40*p + 7165 = 42*p - 3*r. What is the hundreds digit of p?
5
Let o(q) = 51*q - 179. Let f(m) = -152*m + 536. Let n(r) = -4*f(r) - 11*o(r). What is the units digit of n(31)?
2
Let j be 1 - (2 - -2 - 3). Let r be j + 50/5 + 0. Suppose r*k = 5*k - d + 423, 3*k - 3*d - 261 = 0. What is the units digit of k?
5
Let s be (-16 + -328)/(4/(-6)). Suppose 3*n = -o - 2*n + s, n - 5 = 0. What is the hundreds digit of o?
4
Let p(q) = -q**3 - 5*q**2 + 5*q - 6. Let l be p(-6). Suppose l = 3*i - 4*h - 2 + 10, -5*h - 5 = 0. What is the units digit of (-97)/i + 3/(-12)?
4
What is the tens digit of (2 - -1083)/(98/(-9) + -17 + 28)?
6
Suppose 64 = 8*c - 4*c. Suppose -15*z = -c*z + 521. What is the tens digit of z?
2
Let i(q) = 2*q + 27. Let m = 9 + 6. Let y be i(m). Let n = y - 30. What is the tens digit of n?
2
Let b = -1444 - -1446. Let z(o) = -o + 9. Let t be z(7). Suppose -b*m - 50 = -t*k - 6*m, -3*k = -4*m - 25. What is the units digit of k?
5
Suppose 1142*c - 1199*c = -941412. What is the hundreds digit of c?
5
Let n(x) = x**3 - 6*x**2 - 3*x + 9. Let y be n(6). What is the tens digit of (-2655)/y + 3 + (-3 - -5)?
0
Suppose 19*x - 90164 = 43968 + 53740. What is the units digit of x?
8
Let q(j) be the first derivative of -j**3/3 - 5*j**2 + 10*j - 149. Suppose 4*f + 6 = -22. What is the tens digit of q(f)?
3
Let f = -22768 + 32394. What is the thousands digit of f?
9
Let k(s) = 331*s**2 + 10*s - 31. What is the tens digit of k(8)?
3
Let o be (-1)/((-15 + 18)*2/12). Let h(w) = -290*w + 5. What is the units digit of h(o)?
5
Let f be (-1 + 2)*3*(-2)/(-3). Suppose 3*w + f*w = -x + 4, -w + 1 = 0. What is the units digit of (x/(3/105))/(-1)?
5
Let x(z) = -z**3 + 20*z**2 + 19*z + 50. Let d be x(21). Suppose 37 + 283 = d*l. Suppose h + h - l = 0. What is the tens digit of h?
2
Let g be (-841156)/(-1230) - (-2)/15. Suppose 3*x + 2*j - 679 = 0, 8*j - g = -3*x + 5*j. What is the units digit of x?
3
What is the ten thousands digit of (-6 + 68835/(-10))*11/((-165)/50)?
2
Let c(y) = y**2 + y + 10. Let k be c(0). Let b = k - 7. Suppose -h - 4*g = -31, 3*h - 92 = -b*g + 19. What is the units digit of h?
9
Let v(x) = x**3 - 20*x**2 + x - 17. Let k be v(20). Suppose -35 + 7 = -4*u. What is the units digit of (u/(2 - k))/(-1)?
7
Let m(d) = d - 497. Let f(o) = -o + 987. Let z(y) = 4*f(y) + 7*m(y). What is the hundreds digit of z(-38)?
3
Let q be ((-4)/2 + -5)/1. Let h(s) = -8*s - 44. Let m be h(q). Suppose m*p - 13 = -1. What is the units digit of p?
1
Let c = -33198 + 68242. What is the hundreds digit of c?
0
Let h(i) = 33*i**2 + 39*i + 590. What is the thousands digit of h(-11)?
4
Let o be 968/(-6)*15/10. Let c = o - -373. What is the hundreds digit of c?
1
Suppose 2*c - 5 = -5*j, -4*c + 1 = 3*j - 16. Suppose c*a - 17*a = -1332. What is the units digit of a?
1
Suppose -2*c - 2 + 19 = -p, 0 = -3*c - 4*p + 53. Suppose 7*v = c*v - 40. Suppose -v*b + 552 = -4*b. What is the units digit of b?
2
Let k = -16 - -10. Let t be k/(90/(-125))*-3. What is the units digit of (-1915)/t - 2/(-5)?
7
Let g(k) = 280*k - 14. Suppose 19*u - 40 = 9*u. What is the units digit of g(u)?
6
Suppose 15 = -2*b + 3*z, 25 = 2*b + b + 5*z. Suppose b = 25*s - 21*s - 1100. What is the units digit of s?
5
Let q(d) = 3*d**2 - 19*d + 13. Suppose 51 = 13*s - 40. What is the tens digit of q(s)?
2
Let f = 1398 - -7263. What is the thousands digit of f?
8
Suppose -90 = -3*l - 0*l. Let s(b) = -b**3 - 4*b**2 - 8*b + 2. Let h be s(-7). Suppose -l*m - h = -35*m. What is the units digit of m?
1
Let f(s) = -37*s**3 + 11*s**2 + 17*s - 30. Let k(l) = 55*l**3 - 17*l**2 - 26*l + 46. Let o(m) = -8*f(m) - 5*k(m). What is the hundreds digit of o(3)?
5
Let b(f) = 15*f**2 - f - 4. Let d = -57 + 61. Suppose p = -2*l - d + 11, -4*l = 3*p - 15. What is the tens digit of b(l)?
2
Let s = -21 - -985. Suppose f + 2*z - 13 = -0*z, -2*f + 30 = 5*z. Suppose 4*a + o - s = -4*o, a = f*o + 241. What is the tens digit of a?
4
Let l = 3490 + 16293. What is the hundreds digit of l?
7
Let m(v) be the third derivative of 0*v - 1/12*v**4 + 5/3*v**3 + 3/40*v**6 + 0 + 0*v**5 - 24*v**2. What is the units digit of m(2)?
8
What is the tens digit of (-9062*(-25)/(-400))/(1/(-8))?
3
Suppose 71*n + 159123 = 90*n + 158*n. What is the tens digit of n?
9
Let r(g) = 136*g**2 - 3*g - 5. Let h be r(6). Suppose 8*m = -3*m - h. What is the hundreds digit of m/(-3) + ((-42)/(-9))/(-7)?
1
Let g = 44678 + -24164. Suppose g = 2*b + 24*b. What is the tens digit of b?
8
What is the hundreds digit of (-18)/(-2) + (4 - (-1076 - -4))?
0
Suppose 0 = -40*i + 44*i + k - 30595, -5*i + 38255 = -k. What is the hundreds digit of i?
6
Let v be 1956 - (4 + -10) - 2. Let i = -347 + v. What is the thousands digit of i?
1
Suppose 3*w - 5*y - 520 = 0, -4*w - 2*y + 352 = -2*w. Let b = w - 34. Suppose 3*f + g - 35 - 47 = 0, -5*g - b = -4*f. What is the units digit of f?
9
Let t(x) = 29*x + 202. Let f be t(-7). Let b(j) = 5*j - 1. Let l be b(1). What is the hundreds digit of ((-134)/f - l) + 1?
1
Suppose -2*g - 6*z + 7*z + 7 = 0, 0 = 3*z - 3. Suppose -g*d - 419 = -r, -1601 = -4*r - 14*d + 15*d. What is the units digit of r?
9
Let s be (-8)/6 + 57/9. Suppose 0 = d - 1 - s. Suppose 0 = 2*k - k - d. What is the units digit of k?
6
Let l(r) = 2*r**2 - 3*r**2 + 8 + 6*r - r + 18. Let y be l(8). Let i(s) = s**3 + 4*s - 4. What is the tens digit of i(y)?
1
What is the thousands digit of 795765/55 + 102/187?
4
Suppose 9042 = 3*r - 3*i - 0*i, 5*i - 9042 = -3*r. Suppose 12*v - r = v. What is the hundreds digit of v?
2
Let y(t) = -49*t - 3. Let g be y(1). Let k be 2/(-6) + (-2)/(24/g). Suppose 0*i - k*i - 303 = -3*b, -i = -3*b + 294. What is the tens digit of b?
9
Let q be ((-205)/(-10))/1 + (-3)/6. What is the units digit of 5/(q/2248) - (1 - 5)?
6
Suppose -1379376 = 38*t - 74*t. What is the tens digit of t?
1
Let a be (0 - (-1)/2)*(7 - -27). Let c = a - -210. What is the units digit of c?
7
Suppose 0 = -91*b + 78*b + 39. Suppose -b*o - 7*m + 8*m + 4522 = 0, 0 = -o - 2*m + 1505. What is the hundreds digit of o?
5
Suppose -1193 = 5*o - 4*j, -5*o - 2*j - 493 = 718. Let q = -34 - o. What is the hundreds digit of q?
2
Suppose 4*m + 4*d - 1604 = 0, 84*m = 82*m + 5*d + 858. Let h be (5/3 + -1)*357. Let g = m - h. What is the hundreds digit of g?
1
Let u(v) be the second derivative of 1/12*v**4 + 0 + 17/2*v**2 - 18*v + 0*v**3. What is the tens digit of u(-8)?
8
Let u = -99 - -106. What is the units digit of (u/(28/(-1492)))/(2/(-2))?
3
Let m(l) = 21*l**2 + 78*l - 548. What is the thousands digit of m(8)?
1
Suppose 3156 = 8*s - 2564. Let w = 1009 - s. What is the units digit of w?
4
Suppose -4*f = t - 77170, 0 = 4*f - t + 4617 - 81775. What is the units digit of f?
1
Suppose 5*n = 4*u + 1845, -369 = 2*n - 3*n + 2*u. Suppose 2*m + 3*k - n = 0, 5*m = -3*k + 592 + 353. What is the hundreds digit of m?
1
Let c(t) be the first derivative of -t**3 + t**2/2 - t - 19. Let s be c(1). What is the units digit of ((-16)/5)/(((-12)/(-20))/s)?
6
Let s(w) = -1859*w + 1714. What is the thousands digit of s(-14)?
7
Suppose 18*j - 14*j =